1*p - 29*p + 3 - p**3 - 4*p**2 + 2*p**3. What is c(z)?
11
Let x = 2 + -3. Let n be ((-9)/(-6) + x)*10. Let k be 2/n + 34/(-10). Let s(r) = r**2 + 5*r + 2. Give s(k).
-4
Suppose -28 - 60 = -4*s. Suppose 2*m - 5*q = -s, 12 = -2*m - q + 2. Let l(d) = d**3 + 5*d**2 - 5*d + 8. Give l(m).
2
Let j = -8 + 3. Let g(i) be the third derivative of 1/60*i**5 + 1/6*i**4 + 0 - 1/3*i**3 + 19*i**2 + 0*i. Determine g(j).
3
Let m(y) = 2*y - 24. Let j be m(10). Let u(v) be the second derivative of 3*v**2 + 1/2*v**3 - 2*v + 0. Give u(j).
-6
Let g(c) = -3*c + 1 - 7*c + 0. Suppose 3*p + 5 = k, -2*p - 3*k + 16 = 1. Suppose 1 = m - 3, 3*x + 5*m - 23 = p. Determine g(x).
-9
Let q(c) = -c**3 + 19*c**2 + c - 20. Suppose -11 = -2*b + 2*u + 27, -4*b = 5*u - 76. Give q(b).
-1
Let l(k) = 4*k + 2. Let p = 8 + -3. Suppose -4*h - p = 3. What is l(h)?
-6
Let b(j) = -j + 7. Let y(o) = -2 - o**2 - 4*o - 3 - o + 7. Let d be (-6)/(-8) + (-38)/8. Let z be y(d). What is b(z)?
1
Let k = -18 - -23. Suppose 4*q + k = 2*j - 13, -q = 3. Let m be 2/(j*4/18). Let s(x) = x**2 - 2*x - 1. Give s(m).
2
Let f(t) be the first derivative of -t**4/4 + 4*t**3 - 6*t**2 + 24*t - 479. What is f(11)?
13
Let h(p) = p**2 + p - 3. Let i be 14/(-63) + 48/(-27). Determine h(i).
-1
Let u be 8/(3 + 1) - -24. Let q(m) = -26*m + 58*m - u*m. What is q(-1)?
-6
Let n(g) = g**3 + 5*g**2 - g + 2. Suppose 123*h - 136*h + 39 = 0. Suppose -51 = -5*r + 24. Suppose 0*y + h*y = -r. What is n(y)?
7
Let z(q) = 0 + 138*q - 272*q + 139*q - 3*q**2 - 2. Calculate z(4).
-30
Let g(z) = -z**2 + 1. Let j = -8 - -13. Suppose -j*b = -3*b + 12. Let p(s) = 7*s**2 - s - 6. Let n(c) = b*g(c) - p(c). What is n(3)?
-6
Let i(w) = 58*w**2 - 18*w + 16. Let n(q) = -29*q**2 + 10*q - 9. Let s(r) = -4*i(r) - 7*n(r). Calculate s(1).
-28
Let j(c) be the second derivative of -c**3/3 - c**2/2 + 147*c. Give j(-4).
7
Let y(m) = m**2 - 5*m - 12. Let l be y(6). Let w = -7 - l. Let q(f) be the first derivative of f**2/2 + f + 1. Calculate q(w).
0
Let l(v) = v**2 - 15. Let f(x) = 7*x - 3. Let j(b) = -6*b + 4. Let n(q) = -4*f(q) - 5*j(q). Let t be n(4). Suppose c - 5*c = t. Determine l(c).
-15
Let q(k) be the first derivative of k**3/3 + 9*k**2/2 + 6*k + 2. Suppose 2*u - 19 = -7. Suppose b - 2*g = -1, -2*g + 5 = b - u*g. Calculate q(b).
-8
Let x(v) be the third derivative of -v**7/2520 + v**6/80 - v**5/60 - 9*v**4/8 + 9*v**2. Let c(z) be the second derivative of x(z). Calculate c(8).
6
Let r(n) = -1 - 4*n + 5 + 5*n. Let j = -2 + 8. Calculate r(j).
10
Let a(y) be the third derivative of -1/24*y**4 + 2*y**2 + 0 + 1/30*y**5 + 0*y + 1/3*y**3 + 1/120*y**6. Suppose 0 = 3*g + 14 - 5. Give a(g).
-4
Let p = -8 - -3. Let c(k) = -16*k - 10. Let m(q) = q**2 - 9*q + 10. Let w be m(9). Let l(f) = 5*f + 3. Let g(u) = w*l(u) + 3*c(u). Determine g(p).
-10
Let r(z) be the second derivative of -z**4/12 - z**3/6 - 3*z + 1. Determine r(2).
-6
Let v(x) = x**2 - x - 1. Suppose 3*c + 5*k = 7, -8 = -c + 3*k + 13. Let a be (-3 + 4)/(4/24). Suppose 4*t = 5*r + 1, c*r - 4*r + a = -t. Give v(r).
1
Let t = 183 + -190. Let b(v) = -v - 6. What is b(t)?
1
Let a be (-5)/((-25)/(-15))*(-16)/(-6). Let g be (-1)/((-24)/(-28) - 1). Let r(m) = -3*m**2 + 6*m**2 - 8*m - 4*m**2 + g. Determine r(a).
7
Let r(t) = t**2 + 6*t + 6. Let v = -1 - 8. Let n = 9 + v. Suppose n = 2*k - 6 + 16. What is r(k)?
1
Let n(u) be the first derivative of 0*u - 5 - 1/3*u**3 + u**2. Determine n(-2).
-8
Let c(h) = -h + 15. Let m be c(-5). Suppose 12 = -4*g - m. Let x(i) = -i - 9. Give x(g).
-1
Let b(l) = 2*l - 1. Let p be (-4)/(-8) + (-18)/(-4). Suppose 4 = -2*y + p*r + 11, -22 = -4*y + 2*r. Let f = y - 3. Give b(f).
5
Let i(o) = o - 2. Suppose w - 4*m + 56 = 5*w, 5*m = -3*w + 34. Let f = w + -11. Give i(f).
5
Let g(a) = 48*a + 48*a - 107*a. Give g(2).
-22
Let r(f) = -4*f - 2. Suppose 53*v - 69*v = -48. Calculate r(v).
-14
Let s(p) be the second derivative of -p**3/2 - 2*p**2 - 56*p. Give s(5).
-19
Let b(p) = p**2 + 6*p + 6. Let o = -3 - -4. Let n be (-9 - -1)*o/(-2). Suppose 4*t - 5*v = -6 - 3, -n*v = -t + 6. Determine b(t).
6
Let a(c) = -c**2 + c + 8 + 10*c - c**2. Let m be a(6). Let o(w) = -w**2 - 3*w + 3*w**2 - 2*w**3 + w**2. Determine o(m).
-10
Let k(y) = y**3 + 9*y**2 - 3*y + 2. Let f(v) = 2*v**3 + 17*v**2 - 7*v + 3. Let l(q) = -4*f(q) + 7*k(q). Determine l(-6).
-4
Suppose -8*b + 7*b = -4. Let p(g) = -g**2 + 3*g - 3. Give p(b).
-7
Let u = 83 + -103. Let c = 28 + u. Let m(p) = p + 11. Determine m(c).
19
Suppose 3*o + 6 + 2 = -2*u, o = -4*u - 16. Let a(x) = -20*x - 2*x**2 + o*x**2 + 5*x**2 + 17*x. Determine a(2).
6
Let q(i) = 3*i**2 + 2*i**2 - 4*i - 3*i**2 - 3*i**2 - 2. Let l(k) = -14*k + 25. Let m be l(2). Give q(m).
1
Let s be (2 - (-15)/6)*2/(-3). Let h(n) = -n**2 + n - 4. Calculate h(s).
-16
Let d(m) be the third derivative of m**4/24 - 233*m**2. Let f(c) be the second derivative of 4*c**3/3 - 5*c**2/2 - c. Let j(u) = -3*d(u) + f(u). Determine j(4).
15
Let d(v) = 5*v - 2. Let b(p) = 11*p - 1. Let y(f) = 7*f - 1. Let k(g) = -5*b(g) + 8*y(g). Let a be k(6). Determine d(a).
13
Let q = 71 + -74. Let h(t) be the second derivative of -5*t**3/6 - 3*t**2/2 - 36*t - 2. Give h(q).
12
Suppose 4*q + 255 = 19*q. Suppose q - 5 = 4*h. Let l(v) = 3*v**2 - 4*v + 1. What is l(h)?
16
Let j(g) = -g**3 - 3*g**2 + g - 3. Suppose 2*q - 21 = 3*x + 2*x, q + x = 0. Suppose q*b = l + 2 - 5, 5*l + b + 17 = 0. Give j(l).
-6
Let f(z) = 0*z + 85 - 8*z - 130. Determine f(-6).
3
Let j(k) = 3*k - 3. Let m(o) = -2*o**3 - 3*o**2 + o + 2. Let u be m(-2). Suppose -2*x - u*v = -25 + 9, 0 = 4*x - 3*v + 1. Suppose 3*y = -x*y + 15. Give j(y).
6
Let w = 44 - 36. Suppose 7*x - 13 = w. Let f(u) = -4*u + 2. Determine f(x).
-10
Let x(q) = 10*q**2 + 0*q**3 - q**3 + 3*q + 4 - 13*q**2 + 0*q**3. Let k(b) = -b**3 - 9*b**2 - 8*b - 3. Let j be k(-8). Determine x(j).
-5
Let h(t) = 27*t + 131. Let v be h(-5). Let q(i) = -3*i - 9. What is q(v)?
3
Let v = -12 - 3. Let b be (-3)/(54/v - -3). Let t(d) = 0*d**2 - 3*d - 5*d + d + 4 + d**2. What is t(b)?
-6
Let h(j) = -j**3 + 5*j**2 - 3*j + 17. Let w be h(5). Suppose -t - 1 = -5*b, t - 6 = -w*b - 0*b. Let f(y) = -y**2 + 3*y - 6. Give f(t).
-10
Suppose 0 = d - 5*t + 17, -5*d + 0*d - t + 45 = 0. Let v be (d/(-6))/4*(-12)/(-4). Let r(h) = -7*h**2 - 2*h - 1. What is r(v)?
-6
Let m(j) be the third derivative of j**6/720 - j**5/10 - 11*j**4/8 - 8*j**2. Let p(c) be the second derivative of m(c). Give p(0).
-12
Let w(v) = -2*v - 6. Let p(z) = 1. Let c(m) = 39*p(m) + 6*w(m). Determine c(1).
-9
Let p(z) = z**3 + z + 1. Let d(j) = j**3 - 4*j**2 + 3*j + 2. Let k be d(4). Let w(t) = -82*t - 234. Let y be w(-3). Let u = y - k. Give p(u).
-9
Suppose -6 = p - q, -4*p - 3*q = 25 - 8. Let a(y) = 2 - 3 + 4*y + 4 + 11. Let r(b) = 6*b + 21. Let o(z) = -7*a(z) + 5*r(z). Give o(p).
-3
Let i be (2 + -2*2)*6. Let k(z) = -3*z - 11*z - 12*z + 34*z - 9*z - 17. Give k(i).
-5
Let o = -86 + 117. Suppose -4*g + 1 + o = 0. Let v(l) = -2*l + 12. Give v(g).
-4
Suppose 5*q - 10 = -3*b, -2*b - 3*q = 3*b - 22. Suppose 9 = 26*o - 23*o. Let m(i) = 3*i + o*i - b*i - 13. Give m(6).
-7
Let i(c) = 2*c**2 + 4*c - 12. Let d be i(-5). Let j = d - 17. Let b(r) = 6*r**3 - r**2. Calculate b(j).
5
Let w(n) = n**2 - 2. Let m(s) = -s + 7. Let h(b) = -b**2 - 8*b - 4. Let c be h(-7). Let x be m(c). Suppose 2*u + 0 = -x. Determine w(u).
2
Suppose 0 = -32*j + 104 + 88. Let i(b) = -b**2 + 3*b + 10. Determine i(j).
-8
Let s(l) = -l + 3. Let z(y) = -3*y + 10. Let k(i) = 2*s(i) - z(i). Give k(7).
3
Let l(r) = r**3 + 8*r**2 - r - 13. Let d be (-4)/6*135/(-18) - 13. Give l(d).
-5
Let w(u) = u**3 + 12*u**2 + 10*u - 14. Let m be w(-11). Let z(i) = 4 + 3*i**2 - i - 4*i**2 - 6. What is z(m)?
-8
Let b(l) be the second derivative of -l**4/6 + l**3/2 + 3*l. Let w(r) = -2*r**2 - 18*r + 22. Let o be w(-10). Calculate b(o).
-2
Let n(i) = 6*i + 16. Let s(v) = -2*v**3 - 19*v**2 - 10*v - 12. Let h be s(-9). Determine n(h).
-2
Suppose 11*v + 121 = 33. Let j(r) = r**2 + 10*r + 3. Determine j(v).
-13
Let f = -2 - 4. Let v(y) = -y**2 - 5*y + 6. Let a be v(f). Let o be ((-4)/6 - a)*-3. Let m(p) = -p - 2. What is m(o)?
-4
Let d(t) = 9*t**3 - 25*t**2 + t + 13. Let y(o) = 14*o**3 - 38*o**2 + o + 20. Let q(j) = -8*d(j) + 5*y(j). Calculate q(4).
16
Let w(s) = 42*s. Let v(f) = 8*f - 169. Let a be v(21). What